[INFO] fetching crate save 0.20220707.0...
[INFO] checking save-0.20220707.0 against master#e6e4f7ed1589e03bc2f6c5931c1a72e7947e8682 for beta-170-4
[INFO] extracting crate save 0.20220707.0 into /workspace/builds/worker-4-tc2/source
[INFO] validating manifest of crates.io crate save 0.20220707.0 on toolchain e6e4f7ed1589e03bc2f6c5931c1a72e7947e8682
[INFO] running `Command { std: CARGO_HOME="/workspace/cargo-home" RUSTUP_HOME="/workspace/rustup-home" "/workspace/cargo-home/bin/cargo" "+e6e4f7ed1589e03bc2f6c5931c1a72e7947e8682" "metadata" "--manifest-path" "Cargo.toml" "--no-deps", kill_on_drop: false }`
[INFO] removed /workspace/builds/worker-4-tc2/source/rust-toolchain.toml
[INFO] started tweaking crates.io crate save 0.20220707.0
[INFO] finished tweaking crates.io crate save 0.20220707.0
[INFO] tweaked toml for crates.io crate save 0.20220707.0 written to /workspace/builds/worker-4-tc2/source/Cargo.toml
[INFO] crate crates.io crate save 0.20220707.0 already has a lockfile, it will not be regenerated
[INFO] running `Command { std: CARGO_HOME="/workspace/cargo-home" RUSTUP_HOME="/workspace/rustup-home" "/workspace/cargo-home/bin/cargo" "+e6e4f7ed1589e03bc2f6c5931c1a72e7947e8682" "fetch" "--manifest-path" "Cargo.toml", kill_on_drop: false }`
[INFO] running `Command { std: "docker" "create" "-v" "/var/lib/crater-agent-workspace/builds/worker-4-tc2/target:/opt/rustwide/target:rw,Z" "-v" "/var/lib/crater-agent-workspace/builds/worker-4-tc2/source:/opt/rustwide/workdir:ro,Z" "-v" "/var/lib/crater-agent-workspace/cargo-home:/opt/rustwide/cargo-home:ro,Z" "-v" "/var/lib/crater-agent-workspace/rustup-home:/opt/rustwide/rustup-home:ro,Z" "-e" "SOURCE_DIR=/opt/rustwide/workdir" "-e" "CARGO_TARGET_DIR=/opt/rustwide/target" "-e" "CARGO_HOME=/opt/rustwide/cargo-home" "-e" "RUSTUP_HOME=/opt/rustwide/rustup-home" "-w" "/opt/rustwide/workdir" "-m" "1610612736" "--user" "0:0" "--network" "none" "ghcr.io/rust-lang/crates-build-env/linux@sha256:19e73879b68f455e41552ea35293514db52ea292d993f571636dbffedb77a1ee" "/opt/rustwide/cargo-home/bin/cargo" "+e6e4f7ed1589e03bc2f6c5931c1a72e7947e8682" "metadata" "--no-deps" "--format-version=1", kill_on_drop: false }`
[INFO] [stdout] 34de76d5ccee1b38ba39722162dc02f2e2a344b35500205573ea8cb181838197
[INFO] running `Command { std: "docker" "start" "-a" "34de76d5ccee1b38ba39722162dc02f2e2a344b35500205573ea8cb181838197", kill_on_drop: false }`
[INFO] running `Command { std: "docker" "inspect" "34de76d5ccee1b38ba39722162dc02f2e2a344b35500205573ea8cb181838197", kill_on_drop: false }`
[INFO] running `Command { std: "docker" "rm" "-f" "34de76d5ccee1b38ba39722162dc02f2e2a344b35500205573ea8cb181838197", kill_on_drop: false }`
[INFO] [stdout] 34de76d5ccee1b38ba39722162dc02f2e2a344b35500205573ea8cb181838197
[INFO] running `Command { std: "docker" "create" "-v" "/var/lib/crater-agent-workspace/builds/worker-4-tc2/target:/opt/rustwide/target:rw,Z" "-v" "/var/lib/crater-agent-workspace/builds/worker-4-tc2/source:/opt/rustwide/workdir:ro,Z" "-v" "/var/lib/crater-agent-workspace/cargo-home:/opt/rustwide/cargo-home:ro,Z" "-v" "/var/lib/crater-agent-workspace/rustup-home:/opt/rustwide/rustup-home:ro,Z" "-e" "SOURCE_DIR=/opt/rustwide/workdir" "-e" "CARGO_TARGET_DIR=/opt/rustwide/target" "-e" "CARGO_INCREMENTAL=0" "-e" "RUST_BACKTRACE=full" "-e" "RUSTFLAGS=--cap-lints=forbid" "-e" "RUSTDOCFLAGS=--cap-lints=forbid" "-e" "CARGO_HOME=/opt/rustwide/cargo-home" "-e" "RUSTUP_HOME=/opt/rustwide/rustup-home" "-w" "/opt/rustwide/workdir" "-m" "1610612736" "--user" "0:0" "--network" "none" "ghcr.io/rust-lang/crates-build-env/linux@sha256:19e73879b68f455e41552ea35293514db52ea292d993f571636dbffedb77a1ee" "/opt/rustwide/cargo-home/bin/cargo" "+e6e4f7ed1589e03bc2f6c5931c1a72e7947e8682" "check" "--frozen" "--all" "--all-targets" "--message-format=json", kill_on_drop: false }`
[INFO] [stdout] 332f406edb75307915739cdc4e8b8c3b6d838d6f5e50cd6fb6f9e553310c1ed6
[INFO] running `Command { std: "docker" "start" "-a" "332f406edb75307915739cdc4e8b8c3b6d838d6f5e50cd6fb6f9e553310c1ed6", kill_on_drop: false }`
[INFO] [stderr]     Checking once_cell v1.13.0
[INFO] [stderr]    Compiling libc v0.2.126
[INFO] [stderr]    Compiling syn v1.0.98
[INFO] [stderr]     Checking regex-syntax v0.6.26
[INFO] [stderr]    Compiling crossbeam-utils v0.8.10
[INFO] [stderr]    Compiling semver v1.0.10
[INFO] [stderr]     Checking sharded-slab v0.1.4
[INFO] [stderr]     Checking either v1.6.1
[INFO] [stderr]    Compiling proc-macro-error-attr v1.0.4
[INFO] [stderr]     Checking tracing-core v0.1.28
[INFO] [stderr]     Checking tracing-log v0.1.3
[INFO] [stderr]     Checking thread_local v1.1.4
[INFO] [stderr]    Compiling jobserver v0.1.24
[INFO] [stderr]     Checking unicode-normalization v0.1.20
[INFO] [stderr]    Compiling rustc_version v0.4.0
[INFO] [stderr]     Checking hashbrown v0.12.1
[INFO] [stderr]     Checking gimli v0.26.1
[INFO] [stderr]    Compiling cc v1.0.73
[INFO] [stderr]    Compiling rayon-core v1.9.3
[INFO] [stderr]     Checking idna v0.2.3
[INFO] [stderr]    Compiling cast v0.2.7
[INFO] [stderr]     Checking indexmap v1.9.1
[INFO] [stderr]     Checking miniz_oxide v0.5.3
[INFO] [stderr]     Checking crossbeam-epoch v0.9.9
[INFO] [stderr]     Checking parking_lot_core v0.9.3
[INFO] [stderr]     Checking itertools v0.10.3
[INFO] [stderr]     Checking object v0.28.4
[INFO] [stderr]    Compiling num-integer v0.1.45
[INFO] [stderr]    Compiling serde_json v1.0.81
[INFO] [stderr]     Checking regex-automata v0.1.10
[INFO] [stderr]     Checking regex v1.5.6
[INFO] [stderr]     Checking rustc-demangle v0.1.21
[INFO] [stderr]    Compiling libz-sys v1.1.8
[INFO] [stderr]    Compiling openssl-sys v0.9.74
[INFO] [stderr]    Compiling libssh2-sys v0.2.23
[INFO] [stderr]     Checking matchers v0.1.0
[INFO] [stderr]    Compiling libgit2-sys v0.13.4+1.4.2
[INFO] [stderr]    Compiling backtrace v0.3.65
[INFO] [stderr]     Checking addr2line v0.17.0
[INFO] [stderr]     Checking os_str_bytes v6.1.0
[INFO] [stderr]     Checking owo-colors v3.4.0
[INFO] [stderr]     Checking ryu v1.0.10
[INFO] [stderr]     Checking clap_lex v0.2.3
[INFO] [stderr]     Checking eyre v0.6.8
[INFO] [stderr]     Checking crossbeam-deque v0.8.1
[INFO] [stderr]     Checking textwrap v0.15.0
[INFO] [stderr]     Checking parking_lot v0.12.1
[INFO] [stderr]     Checking url v2.2.2
[INFO] [stderr]     Checking crossbeam-channel v0.5.5
[INFO] [stderr]    Compiling rayon v1.5.3
[INFO] [stderr]     Checking fixedbitset v0.4.1
[INFO] [stderr]     Checking dissimilar v1.0.4
[INFO] [stderr]     Checking plotters-backend v0.3.2
[INFO] [stderr]     Checking expect-test v1.3.0
[INFO] [stderr]     Checking plotters-svg v0.3.1
[INFO] [stderr]     Checking petgraph v0.6.2
[INFO] [stderr]     Checking bstr v0.2.17
[INFO] [stderr]     Checking csv-core v0.1.10
[INFO] [stderr]     Checking mio v0.8.4
[INFO] [stderr]     Checking thousands v0.2.0
[INFO] [stderr]     Checking home v0.5.3
[INFO] [stderr]     Checking half v1.8.2
[INFO] [stderr]     Checking csv v1.1.6
[INFO] [stderr]     Checking serde_cbor v0.11.2
[INFO] [stderr]     Checking signal-hook-mio v0.2.3
[INFO] [stderr]     Checking clap v2.34.0
[INFO] [stderr]     Checking tinytemplate v1.2.1
[INFO] [stderr]     Checking criterion-plot v0.4.4
[INFO] [stderr]     Checking plotters v0.3.1
[INFO] [stderr]    Compiling proc-macro-error v1.0.4
[INFO] [stderr]     Checking oorandom v11.1.3
[INFO] [stderr]     Checking crossterm v0.24.0
[INFO] [stderr]     Checking rand_pcg v0.3.1
[INFO] [stderr]     Checking iai v0.1.1
[INFO] [stderr]    Compiling tracing-attributes v0.1.21
[INFO] [stderr]    Compiling thiserror-impl v1.0.31
[INFO] [stderr]    Compiling clap_derive v3.2.7
[INFO] [stderr]    Compiling serde_derive v1.0.137
[INFO] [stderr]     Checking tracing v0.1.35
[INFO] [stderr]     Checking thiserror v1.0.31
[INFO] [stderr]     Checking tracing-subscriber v0.3.14
[INFO] [stderr]     Checking clap v3.2.8
[INFO] [stderr]     Checking tracing-error v0.2.0
[INFO] [stderr]     Checking color-spantrace v0.2.0
[INFO] [stderr]     Checking color-eyre v0.6.1
[INFO] [stderr]     Checking criterion v0.3.5
[INFO] [stderr]     Checking git2 v0.14.4
[INFO] [stderr]     Checking save v0.20220707.0 (/opt/rustwide/workdir)
[INFO] [stdout] error[E0405]: cannot find trait `ExpectedData` in crate `expect_test`
[INFO] [stdout]  --> src/testing.rs:2:52
[INFO] [stdout]   |
[INFO] [stdout] 2 | pub fn assert_debug_eq(expected: impl expect_test::ExpectedData, actual: impl ::core::fmt::Debug) {
[INFO] [stdout]   |                                                    ^^^^^^^^^^^^ not found in `expect_test`
[INFO] [stdout] 
[INFO] [stdout] 
[INFO] [stdout] error[E0423]: expected function, found macro `expect_test::expect`
[INFO] [stdout]  --> src/testing.rs:3:5
[INFO] [stdout]   |
[INFO] [stdout] 3 |     ::expect_test::expect(expected).assert_eq(&format!("{actual:?}"));
[INFO] [stdout]   |     ^^^^^^^^^^^^^^^^^^^^^ not a function
[INFO] [stdout]   |
[INFO] [stdout] help: use `!` to invoke the macro
[INFO] [stdout]   |
[INFO] [stdout] 3 |     ::expect_test::expect!(expected).assert_eq(&format!("{actual:?}"));
[INFO] [stdout]   |                          +
[INFO] [stdout] 
[INFO] [stdout] 
[INFO] [stdout] error[E0423]: expected function, found macro `expect_test::expect_file`
[INFO] [stdout]  --> src/testing.rs:8:5
[INFO] [stdout]   |
[INFO] [stdout] 8 |     ::expect_test::expect_file(path).assert_eq(&format!("{actual}"));
[INFO] [stdout]   |     ^^^^^^^^^^^^^^^^^^^^^^^^^^ not a function
[INFO] [stdout]   |
[INFO] [stdout] help: use `!` to invoke the macro
[INFO] [stdout]   |
[INFO] [stdout] 8 |     ::expect_test::expect_file!(path).assert_eq(&format!("{actual}"));
[INFO] [stdout]   |                               +
[INFO] [stdout] 
[INFO] [stdout] 
[INFO] [stdout] warning: unused imports: `Blob`, `Branch`, `Config`, `Object`, `Reference`, `Remote`, `Tag`, `Time`, `Tree`
[INFO] [stdout]   --> src/git2.rs:9:13
[INFO] [stdout]    |
[INFO] [stdout] 9  |             Blob, Branch, Commit, Config, Index, Object, ObjectType, Oid, Reference, Remote,
[INFO] [stdout]    |             ^^^^  ^^^^^^          ^^^^^^         ^^^^^^                   ^^^^^^^^^  ^^^^^^
[INFO] [stdout] 10 |             Repository, Signature, Tag, Time, Tree,
[INFO] [stdout]    |                                    ^^^  ^^^^  ^^^^
[INFO] [stdout]    |
[INFO] [stdout]    = note: `#[warn(unused_imports)]` on by default
[INFO] [stdout] 
[INFO] [stdout] 
[INFO] [stdout] error[E0405]: cannot find trait `ExpectedData` in crate `expect_test`
[INFO] [stdout]  --> src/testing.rs:2:52
[INFO] [stdout]   |
[INFO] [stdout] 2 | pub fn assert_debug_eq(expected: impl expect_test::ExpectedData, actual: impl ::core::fmt::Debug) {
[INFO] [stdout]   |                                                    ^^^^^^^^^^^^ not found in `expect_test`
[INFO] [stdout] 
[INFO] [stdout] 
[INFO] [stdout] error[E0423]: expected function, found macro `expect_test::expect`
[INFO] [stdout]  --> src/testing.rs:3:5
[INFO] [stdout]   |
[INFO] [stdout] 3 |     ::expect_test::expect(expected).assert_eq(&format!("{actual:?}"));
[INFO] [stdout]   |     ^^^^^^^^^^^^^^^^^^^^^ not a function
[INFO] [stdout]   |
[INFO] [stdout] help: use `!` to invoke the macro
[INFO] [stdout]   |
[INFO] [stdout] 3 |     ::expect_test::expect!(expected).assert_eq(&format!("{actual:?}"));
[INFO] [stdout]   |                          +
[INFO] [stdout] 
[INFO] [stdout] 
[INFO] [stdout] error[E0423]: expected function, found macro `expect_test::expect_file`
[INFO] [stdout]  --> src/testing.rs:8:5
[INFO] [stdout]   |
[INFO] [stdout] 8 |     ::expect_test::expect_file(path).assert_eq(&format!("{actual}"));
[INFO] [stdout]   |     ^^^^^^^^^^^^^^^^^^^^^^^^^^ not a function
[INFO] [stdout]   |
[INFO] [stdout] help: use `!` to invoke the macro
[INFO] [stdout]   |
[INFO] [stdout] 8 |     ::expect_test::expect_file!(path).assert_eq(&format!("{actual}"));
[INFO] [stdout]   |                               +
[INFO] [stdout] 
[INFO] [stdout] 
[INFO] [stdout] warning: unused imports: `Blob`, `Branch`, `Config`, `Object`, `Reference`, `Remote`, `Tag`, `Time`, `Tree`
[INFO] [stdout]   --> src/git2.rs:9:13
[INFO] [stdout]    |
[INFO] [stdout] 9  |             Blob, Branch, Commit, Config, Index, Object, ObjectType, Oid, Reference, Remote,
[INFO] [stdout]    |             ^^^^  ^^^^^^          ^^^^^^         ^^^^^^                   ^^^^^^^^^  ^^^^^^
[INFO] [stdout] 10 |             Repository, Signature, Tag, Time, Tree,
[INFO] [stdout]    |                                    ^^^  ^^^^  ^^^^
[INFO] [stdout]    |
[INFO] [stdout]    = note: `#[warn(unused_imports)]` on by default
[INFO] [stdout] 
[INFO] [stdout] 
[INFO] [stdout] error: aborting due to 3 previous errors; 1 warning emitted
[INFO] [stdout] 
[INFO] [stdout] 
[INFO] [stdout] Some errors have detailed explanations: E0405, E0423.
[INFO] [stdout] 
[INFO] [stdout] For more information about an error, try `rustc --explain E0405`.
[INFO] [stdout] 
[INFO] [stderr] error: could not compile `save` (lib) due to 4 previous errors; 1 warning emitted
[INFO] [stderr] warning: build failed, waiting for other jobs to finish...
[INFO] [stdout] error: aborting due to 3 previous errors; 1 warning emitted
[INFO] [stdout] 
[INFO] [stdout] 
[INFO] [stdout] Some errors have detailed explanations: E0405, E0423.
[INFO] [stdout] 
[INFO] [stdout] For more information about an error, try `rustc --explain E0405`.
[INFO] [stdout] 
[INFO] [stderr] error: could not compile `save` (lib test) due to 4 previous errors; 1 warning emitted
[INFO] running `Command { std: "docker" "inspect" "332f406edb75307915739cdc4e8b8c3b6d838d6f5e50cd6fb6f9e553310c1ed6", kill_on_drop: false }`
[INFO] running `Command { std: "docker" "rm" "-f" "332f406edb75307915739cdc4e8b8c3b6d838d6f5e50cd6fb6f9e553310c1ed6", kill_on_drop: false }`
[INFO] [stdout] 332f406edb75307915739cdc4e8b8c3b6d838d6f5e50cd6fb6f9e553310c1ed6
